8103 is divided by 13?
12
What is the remainder when 33129 is divided by 5521?
3
What is the remainder when 2635 is divided by 684?
583
Calculate the remainder when 5458 is divided by 56.
26
What is the remainder when 15250 is divided by 7?
4
What is the remainder when 34507 is divided by 14?
11
What is the remainder when 93624 is divided by 30?
24
What is the remainder when 5265 is divided by 170?
165
What is the remainder when 1256 is divided by 529?
198
Calculate the remainder when 11763 is divided by 1468.
19
What is the remainder when 2901 is divided by 2873?
28
What is the remainder when 120205 is divided by 33?
19
What is the remainder when 7231 is divided by 3614?
3
What is the remainder when 32709 is divided by 5429?
135
Calculate the remainder when 26620 is divided by 325.
295
What is the remainder when 6102 is divided by 104?
70
Calculate the remainder when 129814 is divided by 139.
127
What is the remainder when 16516 is divided by 3301?
11
What is the remainder when 66019 is divided by 33004?
11
What is the remainder when 158 is divided by 148?
10
What is the remainder when 325 is divided by 38?
21
Calculate the remainder when 12516 is divided by 124.
116
What is the remainder when 2515 is divided by 168?
163
What is the remainder when 92520 is divided by 46258?
4
Calculate the remainder when 46397 is divided by 16.
13
What is the remainder when 5900 is divided by 1467?
32
What is the remainder when 7176 is divided by 1398?
186
What is the remainder when 31976 is divided by 291?
257
What is the remainder when 889 is divided by 38?
15
Calculate the remainder when 109241 is divided by 109238.
3
What is the remainder when 4362 is divided by 1918?
526
What is the remainder when 984 is divided by 974?
10
What is the remainder when 390 is divided by 109?
63
What is the remainder when 8193 is divided by 818?
13
Calculate the remainder when 32865 is divided by 173.
168
Calculate the remainder when 127182 is divided by 4710.
12
Calculate the remainder when 1058 is divided by 145.
43
Calculate the remainder when 5669 is divided by 56.
13
Calculate the remainder when 452735 is divided by 12.
11
What is the remainder when 2140 is divided by 507?
112
What is the remainder when 10538 is divided by 139?
113
Calculate the remainder when 1988 is divided by 185.
138
Calculate the remainder when 2644177 is divided by 340.
337
What is the remainder when 104 is divided by 8?
0
Calculate the remainder when 8481 is divided by 770.
11
Calculate the remainder when 25299 is divided by 1945.
14
Calculate the remainder when 1675 is divided by 422.
409
Calculate the remainder when 2220 is divided by 1039.
142
Calculate the remainder when 22451 is divided by 1867.
47
What is the remainder when 11638 is divided by 3857?
67
What is the remainder when 16291 is divided by 8140?
11
Calculate the remainder when 10853 is divided by 12.
5
What is the remainder when 26314 is divided by 34?
32
Calculate the remainder when 459 is divided by 441.
18
Calculate the remainder when 9714 is divided by 28.
26
Calculate the remainder when 39766 is divided by 710.
6
Calculate the remainder when 880 is divided by 196.
96
What is the remainder when 68387 is divided by 68362?
25
Calculate the remainder when 95542 is divided by 4549.
13
Calculate the remainder when 139554 is divided by 11.
8
What is the remainder when 16157 is divided by 9?
2
Calculate the remainder when 14946 is divided by 104.
74
What is the remainder when 2014 is divided by 294?
250
Calculate the remainder when 1420845 is divided by 13.
10
Calculate the remainder when 43900 is divided by 23.
16
Calculate the remainder when 334913 is divided by 1091.
1067
What is the remainder when 29959 is divided by 149?
10
Calculate the remainder when 48516 is divided by 317.
15
Calculate the remainder when 337482 is divided by 70.
12
Calculate the remainder when 10662 is divided by 1184.
6
Calculate the remainder when 1642 is divided by 726.
190
Calculate the remainder when 5755 is divided by 1479.
1318
What is the remainder when 4310 is divided by 909?
674
Calculate the remainder when 7602 is divided by 208.
114
What is the remainder when 86675 is divided by 86668?
7
What is the remainder when 1868 is divided by 607?
47
What is the remainder when 1095599 is divided by 83?
82
Calculate the remainder when 42419 is divided by 404.
403
What is the remainder when 264002 is divided by 397?
394
What is the remainder when 39031 is divided by 7806?
1
What is the remainder when 1000210 is divided by 51?
49
What is the remainder when 316 is divided by 145?
26
What is the remainder when 2135997 is divided by 240?
237
What is the remainder when 6779 is divided by 12?
11
What is the remainder when 12316 is divided by 6158?
0
What is the remainder when 46185 is divided by 462?
447
Calculate the remainder when 489077 is divided by 81.
80
Calculate the remainder when 13578 is divided by 618.
600
Calculate the remainder when 107637 is divided by 690.
687
Calculate the remainder when 580682 is divided by 2370.
32
What is the remainder when 11985 is divided by 11644?
341
What is the remainder when 489 is divided by 425?
64
What is the remainder when 23339 is divided by 390?
329
Calculate the remainder when 404901 is divided by 794.
755
Calculate the remainder when 23058 is divided by 58.
32
Calculate the remainder when 408 is divided by 40.
8
What is the remainder when 145740 is divided by 36433?
8
Calculate the remainder when 43274 is divided by 2704.
10
What is the remainder when 8089 is divided by 1617?
4
What is the remainder when 3305 is divided by 315?
155
What is the remainder when 2496323 is divided by 41?
38
Calculate the remainder when 360307 is divided by 7.
3
What is the remainder when 1056 is divided by 107?
93
Calculate the remainder when 10489 is divided by 333.
166
Calculate the remainder when 13058 is divided by 962.
552
Calculate the remainder when 33714 is divided by 401.
30
Calculate the remainder when 131 is divided by 75.
56
Calculate the remainder when 491 is divided by 89.
46
What is the remainder when 204833 is divided by 577?
575
What is the remainder when 29322 is divided by 367?
329
Calculate the remainder when 4607 is divided by 102.
17
What is the remainder when 3246715 is divided by 22?
21
Calculate the remainder when 44774 is divided by 2035.
4
What is the remainder when 67548 is divided by 16?
12
What is the remainder when 103 is divided by 6?
1
Calculate the remainder when 490726 is divided by 163571.
13
What is the remainder when 15108 is divided by 376?
68
What is the remainder when 383370 is divided by 68?
54
What is the remainder when 719 is divided by 178?
7
Calculate the remainder when 4023 is divided by 272.
215
Calculate the remainder when 19710 is divided by 1042.
954
Calculate the remainder when 7956 is divided by 198.
36
Calculate the remainder when 8597 is divided by 985.
717
What is the remainder when 5955 is divided by 199?
184
Calculate the remainder when 692779 is divided by 73.
9
What is the remainder when 6552 is divided by 134?
120
What is the remainder when 25971 is divided by 74?
71
What is the remainder when 618540 is divided by 121?
109
Calculate the remainder when 5316 is divided by 568.
204
What is the remainder when 64779 is divided by 18?
15
Calculate the remainder when 8881 is divided by 1771.
26
What is the remainder when 372691 is divided by 124224?
19
What is the remainder when 23850 is divided by 56?
50
Calculate the remainder when 37629 is divided by 16.
13
Calculate the remainder when 3009 is divided by 58.
51
What is the remainder when 37852 is divided by 10?
2
What is the remainder when 140 is divided by 68?
4
Calculate the remainder when 837 is divided by 49.
4
What is the remainder when 56459 is divided by 7?
4
What is the remainder when 571 is divided by 9?
4
Calculate the remainder when 7637 is divided by 70.
7
What is the remainder when 7388904 is divided by 461?
457
Calculate the remainder when 1627387 is divided by 73.
71
What is the remainder when 93386 is divided by 42?
20
What is the remainder when 752 is divided by 126?
122
Calculate the remainder when 592361 is divided by 115.
111
What is the remainder when 1256 is divided by 442?
372
Calculate the remainder wh